) = u + 8. Let m be o(-4). Suppose 9 = 4*d + h - 2, 0 = m*d - 3*h - 31. Let c be -3 + -2 + d - 3. Let q(x) = -2*x - 6. What is q(c)?
2
Let t = 142 - 142. Let v(q) = q**3 + 2*q**2 + q - 5. What is v(t)?
-5
Let a(n) = 2*n**3 - n**2 + 9*n + 3. Let h(b) = -5*b**3 + b**2 - 26*b - 10. Let v(c) = -8*a(c) - 3*h(c). Determine v(6).
6
Let b be 9/(-6)*392/(-12). Suppose 0 = 4*d + c - b, -3*d - 2*c + 6*c + 32 = 0. Let m = -16 + d. Let w(v) = -v**2 - 2*v + 3. Calculate w(m).
-5
Suppose 0 - 8 = -4*x, f - x = -6. Let r(m) = -m**2 + m. Let n(a) = -1 - 76*a - a**2 + 37*a**3 + 81*a - 38*a**3. Let s(g) = f*r(g) + n(g). Determine s(4).
-13
Let q(v) be the second derivative of -v**4/12 - 5*v**3/6 - 3*v**2 + 51*v. Calculate q(-5).
-6
Let o(k) be the first derivative of 1/3*k**3 + 2 + 1/2*k**2 + 2*k. Suppose 23 = -11*t - 10. Give o(t).
8
Let v(i) = 120*i**2 + i + 1. Let n be v(-1). Let r be n/(-9)*(-3)/2. Suppose -3*t + 0*c + c = -r, -5*t + 36 = -3*c. Let g(k) = k**2 - 6*k - 1. Give g(t).
-1
Let i(s) = -2*s**2 - 1. Let u be -1 - 0 - (-4 + -4 + 0). Let p(k) = -k**2 + k. Let w(h) = h**2 - 2*h - 1. Let b(m) = -4*p(m) - 5*w(m). Let g be b(u). Give i(g).
-9
Suppose 3*o - 3*d - 240 = 0, -3*d = -5*o - 0 + 404. Suppose 9*v = o - 19. Let u(j) = j**2 - 7*j + 4. Give u(v).
4
Let i = -5 - -8. Let f(l) be the second derivative of -l**5/20 + l**4/3 - l**3/3 - 3*l**2/2 - 3*l + 4. Determine f(i).
0
Suppose -5*x = -2*x - 33. Let w(g) = -9*g + 4*g**3 - 5*g**3 + 12*g**2 - 3*g + 0*g**3 + 16*g + 1 - 15*g. Calculate w(x).
1
Suppose 2*f + 7*v - 12 = 3*v, -2*f - 2*v = -18. Suppose 3*u = -3 + f. Let m(g) = 0*g - 10*g**3 + 2*g**2 + 4*g + 3 + 11*g**u. Give m(-3).
-18
Let f = 0 - 1. Let i(g) be the first derivative of -17/2*g**2 + g + 7. What is i(f)?
18
Let f(d) = 20 + 12 + 2*d**2 + 5*d**2 + 9*d + d**3 + d**2 - 22. Determine f(-7).
-4
Let v(y) = 12*y + 128. Let f(z) = -14*z - 159. Let b(c) = 4*f(c) + 5*v(c). Suppose 6*k = -4*l + k - 35, -4*k = 4*l + 32. Let j = l - 0. Give b(j).
-16
Let a(q) = -15*q + 1. Let p(r) be the third derivative of -23*r**4/24 + r**3/6 - 27*r**2. Let s(f) = 8*a(f) - 5*p(f). Give s(4).
-17
Suppose -2*h = -8 - 6. Let y(u) = 11*u + 2. Let x(j) = 32*j + 13. Let s(n) = -x(n) + 3*y(n). What is s(h)?
0
Let l(m) be the third derivative of 1/24*m**4 - 4*m**2 + 0*m + 1/60*m**5 + 0 + 0*m**3. Calculate l(-3).
6
Let q = 199 + -204. Let n(g) = g - 7. Determine n(q).
-12
Let j be (-3 + 5)*5/(-2). Let v be (j/15)/(2/(-36)). Let u(q) = -q + 1. Let y(i) = -8*i + 7. Let k(l) = v*y(l) - 42*u(l). Give k(1).
-6
Let u(b) = 10*b**2 - b. Let a be u(1). Suppose 4*d - 7*d = -a. Let s(p) = -p**3 + 3*p**2 + p - 3. Give s(d).
0
Let h(j) = -j**2 + 15*j - 19. Let m be h(9). Suppose 2*w = 2*d, m = 4*w + 3*d - 0*d. Suppose -30 = w*c - 10. Let a(s) = -2*s + 2. Give a(c).
10
Let m(x) = 0*x + x - 106 + 3*x - 5*x + x**2 + 84. What is m(0)?
-22
Let i(s) = -1. Let x(u) = -u**2 - 7*u + 8. Let v(a) = 5*i(a) + x(a). Suppose 0 = 3*f + 3*w + 5 + 1, 3*f = 2*w - 26. What is v(f)?
9
Let w(t) be the second derivative of t**4/12 + 5*t**3/6 + 3*t**2/2 + 100*t. Suppose 3 = -i + 1. Let a be (-1)/(i/(-12) - 0). Calculate w(a).
9
Let o(b) be the first derivative of b**3/3 - 3*b**2 - 6*b + 10. Let q be o(7). Let z(u) = -15*u**3 - u**2 + 2*u - 1. Calculate z(q).
-15
Suppose -n + 4 = 2*s, 4*s = 3*n + 9 - 1. Let l(z) = 0 + 2 + z - 1 - s. Let d(h) = -h**2 + 2*h - 4. Let o(j) = d(j) - 6*l(j). Determine o(-4).
2
Let y(w) = -9*w - 2. Suppose -5*o - 5*h + 0*h = -50, 3*o - 2*h - 30 = 0. Suppose 0 = -4*g + o - 2. Give y(g).
-20
Let y(g) = -g**3 - 5*g**2 + g - 1. Let w(j) = 2*j + 1. Let o(f) = 4*w(f) - y(f). Let b be -9 - -3 - -1*2. What is o(b)?
-7
Let s(a) be the first derivative of 3*a**2/2 - 2*a - 187. Determine s(-1).
-5
Let n(z) = 7*z**3 - 7*z**2 - 2*z - 3. Let f(p) = -10*p**3 + 10*p**2 + 3*p + 4. Let b(v) = 5*f(v) + 7*n(v). Let g be (-2)/(-12) - 2/12. What is b(g)?
-1
Suppose 10 = 2*w - 2. Suppose -u + 11 = w. Let a(v) = -v**3 + 4*v**2 + 6*v - 6. Determine a(u).
-1
Let c(b) = -2*b**2 - 2*b + 3. Let m be c(2). Let q(v) = 11*v - 23. Let z(g) = 5*g - 11. Let j(l) = m*z(l) + 4*q(l). What is j(8)?
-1
Suppose -m + 2 + 0 = 0. Let i be ((7 - -1)/(-2))/m. Let p(w) be the first derivative of -w**3 + 2*w - 8. Determine p(i).
-10
Suppose -9*p + 4 + 23 = 0. Let g(t) = t - 2662 + 3*t - p*t + 2668. Determine g(0).
6
Let m(w) be the first derivative of w**4/12 - w**3/6 - 3*w**2/2 - 17*w - 18. Let c(v) be the first derivative of m(v). Determine c(3).
3
Suppose -3*d - 5 = -11. Let i(j) = j**2 - 6*j**2 - 17*j + 4 + 4*j**d. Let a be i(-17). Let q(f) = -f**2 + 4*f - 2. Determine q(a).
-2
Suppose -8*k = 6*k - 28. Let f be 3/(k/(-32)*-6). Let x(s) = 2*s - 10. Calculate x(f).
6
Let v(j) = 0*j + j + 3*j + 3 + 1. What is v(-3)?
-8
Let n(j) be the second derivative of -j**3/3 - 9*j**2/2 - 377*j. Give n(-4).
-1
Let o(a) = a**2 + 4*a + 4. Let i be 1*21*(10/3 + -3). Suppose -8*r + i = 55. Give o(r).
16
Suppose -5*u - 110 - 45 = 0. Let m = -33 - u. Let w(p) = -3*p**3 - 3*p**2 - 2*p + 1. Give w(m).
17
Suppose 0 = -4*f - n + 26, 4*f + 2*n - 5*n = 34. Let a(y) = y**2 - f*y**2 + y**3 - 4 + 6*y + y + 0. Let m be (-3 + 4 - -4) + 0. What is a(m)?
6
Let n(u) be the third derivative of -7*u**4/24 + 2*u**3/3 - 5*u**2 - 3. Calculate n(-2).
18
Suppose -4*i + 18 = -i. Let w(n) be the second derivative of n**4/24 - 5*n**3/6 - 7*n**2/2 + 3*n. Let d(q) be the first derivative of w(q). Calculate d(i).
1
Let a(g) be the second derivative of g**4/12 + g**3/6 - g**2/2 + 69*g - 2. Give a(-3).
5
Let w(h) = -3*h**3 + 2*h**3 + 7*h + 6 - 7*h**2 + 13*h**2. Let d be w(7). Let z(q) = q**2 - 6*q - 2. What is z(d)?
-2
Let l(f) = -4*f - 2*f + 2*f + 1. Suppose -3 - 18 = -7*s. Determine l(s).
-11
Let z(t) = t**2 - 35*t + 37. Let h be z(34). Let k(q) be the third derivative of -1/6*q**4 + 0 - 1/2*q**h + 0*q + q**2. Determine k(-3).
9
Let b be 12/(-2)*(-2)/2. Let g(r) = r**2 - r + 1. Let d(t) = -t**3 + 2*t**2 + 5*t - 7. Let f(w) = d(w) + 4*g(w). Calculate f(b).
3
Let f(w) = 3*w - 5. Let x = 1 - -3. Suppose 0 = x*m - 0 + 16. Calculate f(m).
-17
Let i(h) be the third derivative of h**5/30 + h**3/6 + 2*h**2. Suppose 2*d - 10 = -6. Give i(d).
9
Suppose 3*z = -2*p + 7, -2*z - 3*z + 10 = 5*p. Let i(t) be the first derivative of -6*t + 3/2*t**2 - 1/3*t**z - 10. Calculate i(4).
-10
Let n(y) be the first derivative of 5*y - 1/2*y**2 + 6. Calculate n(0).
5
Let v be (-520)/(-50)*10/4. Let u be 8/3*39/v. Let w(n) = -2*n**3 - n**2 + 17*n + 4. Let g(p) = -p**3 - p**2 + 9*p + 2. Let j(s) = -7*g(s) + 4*w(s). Give j(u).
6
Let z(p) = p**3 + 7*p**2 + 3*p - 7. Suppose -4*h - 8 = 16. What is z(h)?
11
Let p(n) = n**2 + 17*n - 11. Let k(d) = -d**3 + 7*d**2 - 10*d - 15. Let q be k(5). Calculate p(q).
-41
Let q(s) be the third derivative of s**2 - 5/24*s**4 + 0 + 1/3*s**3 - 1/120*s**5 + 0*s. Let x(d) be the first derivative of q(d). Give x(-5).
0
Let c(t) = t**3 - t**2 - 6*t - 1. Suppose -24*a - 58 = -130. Determine c(a).
-1
Let o = -3 - -6. Suppose -o*p - p = 0. Suppose 11 = 4*u + 3*z, u + p = z + 1. Let i(a) = a**2 - 2*a - 1. Calculate i(u).
-1
Let g(p) be the second derivative of p**4/12 - p**3/6 + 3*p**2/2 - 17*p. Let k(w) = -2*w**3 + 7*w**2 - 6*w. Let l be k(2). What is g(l)?
3
Suppose -2*a + x + 8 = 0, 0*x + 4*x = -2*a - 12. Let c be (2/(-5))/(12/(-60)). Let p(r) = -c + r - 5*r - r + 3*r. Give p(a).
-6
Suppose 5*o + 67*f = 68*f - 21, -f = -1. Let i(w) = -w**3 - 2*w**2 + 3*w + 5. Give i(o).
25
Let q be ((-4)/(-20)*-14)/((-4)/10). Suppose q + 3 = 5*h. Let r(j) be the third derivative of -j**6/120 + j**5/20 - j**4/8 + j**3/6 - j**2. Give r(h).
-1
Let o(i) be the third derivative of i**6/120 - i**5/30 + i**4/24 + i**3/3 - i**2. Let m = 260 + -258. Give o(m).
4
Suppose 3*u + 2*u + 4*b = 16, -2*u - 4*b + 4 = 0. Let f(p) = -p**3 - 11*p**2 + 2*p + 27. Let v be f(-11). Let r(h) = 5 - u + h + 1 - v. Calculate r(8).
5
Suppose 4*y = -8, -8*q = -4*q + 2*y - 8. Let k be 0 - -2 - (-63)/q. Let g(a) = -2*a**2 + a - k + 23. Determine g(-2).
-10
Let p = 33 - 31. Let c = -16 + 16. Let m(u) = 0*u + c*u - 3*u + p*u - 6. Calculate m(-3).
-3
Let f(u) be the first derivative of -5/3*u**3 - 2*u**2 - 2*u - 1/4*u**4 + 35. Determine f(-4).
-2
Let y(m) = -m - 1. Let w(i) = i + 25. Let r(o) = w(o) + 2*y(o). Let a = -22 + 22. Calculate 